{"id":37,"date":"2016-11-28T23:52:50","date_gmt":"2016-11-28T23:52:50","guid":{"rendered":"http:\/\/pasarondelavera.org\/pasaronmerece\/?page_id=37"},"modified":"2016-11-29T23:31:08","modified_gmt":"2016-11-29T23:31:08","slug":"quienes-somos","status":"publish","type":"page","link":"http:\/\/pasarondelavera.org\/pasaronmerece\/index.php\/quienes-somos\/","title":{"rendered":"Quienes somos"},"content":{"rendered":"<p style=\"text-align: center;\"><strong>PLATAFORMA CIUDADANA PASAR\u00d3N MERECE.<\/strong><\/p>\n<p><strong><u>Naturaleza.<\/u><\/strong><\/p>\n<p style=\"text-align: justify;\">La Plataforma ciudadana <strong>Pasar\u00f3n merece<\/strong> se concibe como un espacio colectivo en el cual los ciudadanos pueden expresar, manifestar, debatir las reivindicaciones, exigencias, solicitudes y necesidades de Pasar\u00f3n de la Vera para que les sean atendidas por parte de los poderes p\u00fablicos y otros colectivos.<\/p>\n<p><strong><u>Caracter\u00edsticas.<\/u><\/strong><\/p>\n<ul>\n<li style=\"text-align: justify;\">Car\u00e1cter representativo: es decir, la direcci\u00f3n y el contenido de las reivindicaciones, solicitudes\u00a0 o exigencias a plantear deben estar formuladas por un conjunto de personas que expresen las voces de diferentes sectores.<\/li>\n<li style=\"text-align: justify;\">Que sea exigible: o sea, que lo que se est\u00e1 planteando en la Plataforma pueda exig\u00edrsele a quien se le dirijan los planteamientos por ser algo a lo que el colectivo que conforma la misma concibe como un derecho colectivo.<\/li>\n<li style=\"text-align: justify;\">Ser un esfuerzo transparente: que no oculte intenciones que favorezcan los intereses particulares o sea solo una iniciativa simulada para que el grupo que lo propone pueda alcanzar otros fines. Deben ser iniciativas que nazcan desde la ciudadan\u00eda para Pasar\u00f3n de la Vera, sin consideraciones pol\u00edticas ni de otra \u00edndole.<\/li>\n<li style=\"text-align: justify;\">Pluralista: es decir, que aunque haya diferencias de opiniones se aceptan o reconocen la diversidad de opiniones y posiciones en los planteamientos formulados.<\/li>\n<li style=\"text-align: justify;\">Incluyente: no es un espoacio cerrado a determinadas personas sino abierto a toda la ciudadan\u00eda independientemente del lugar de residencia.<\/li>\n<li style=\"text-align: justify;\">Para beneficiar el inter\u00e9s colectivo: ser una iniciativa transparente y de leg\u00edtimo inter\u00e9s ciudadano para Pasar\u00f3n de la Vera.<\/li>\n<li style=\"text-align: justify;\">Ser un esfuerzo responsable: lo que significa participar conscientes que la presencia en el esfuerzo contribuye significativamente al logro del objetivo final de la iniciativa.<\/li>\n<\/ul>\n<p><img loading=\"lazy\" decoding=\"async\" class=\"aligncenter wp-image-98 size-full\" src=\"http:\/\/pasarondelavera.org\/pasaronmerece\/wp-content\/uploads\/2016\/11\/MG_5787_2.jpg\" alt=\"_mg_5787_2\" width=\"680\" height=\"453\" srcset=\"http:\/\/pasarondelavera.org\/pasaronmerece\/wp-content\/uploads\/2016\/11\/MG_5787_2.jpg 680w, http:\/\/pasarondelavera.org\/pasaronmerece\/wp-content\/uploads\/2016\/11\/MG_5787_2-300x200.jpg 300w\" sizes=\"auto, (max-width: 680px) 100vw, 680px\" \/><\/p>\n<p><strong><u>Constituci\u00f3n.<\/u><\/strong><\/p>\n<ol>\n<li style=\"text-align: justify;\">Lograr conseso ciudadano: Esto significa que se deben identificar quienes quieren participar en la iniciativa.<\/li>\n<li style=\"text-align: justify;\">Organizaci\u00f3n del equipo de trabajo de la Plataforma: De todos los participantes, pueden comenzar a hacerse grupos de trabajo para distribuirse la responsabilidad de ciertas tareas. Esta organizaci\u00f3n debe apuntar a facilitar el desarrollo del trabajo y no a entorpecerlo. Organizar al equipo tambi\u00e9n supone que cada uno de los participantes conoce cu\u00e1les son sus responsabilidades y c\u00f3mo contribuir\u00e1 al trabajo.<\/li>\n<li style=\"text-align: justify;\">Planteamiento de un plan de trabajo: Para tener claridad de cada una de las actividades que se deben realizar, en qu\u00e9 tiempo y con qu\u00e9 recursos se dispone es importante que todos los participantes de la iniciativa conozcan el plan de trabajo a seguir.<\/li>\n<li style=\"text-align: justify;\">Divulgaci\u00f3n de la plataforma: Es de mucha utilidad darla a conocer con todos los miembros de la comunidad que sea posible y estar dispuestos a informarles de c\u00f3mo participar.<\/li>\n<li style=\"text-align: justify;\">Elaboraci\u00f3n del documento de la plataforma ciudadana: Este documento, que es en s\u00ed la Plataforma Ciudadana, es el documento que se entregar\u00e1 a quien proceda respaldado por todas aquellas firmas que integren la plataforma.<\/li>\n<\/ol>\n<p><strong><u>Condiciones de uso.<\/u><\/strong><\/p>\n<ol>\n<li style=\"text-align: justify;\">Publicaci\u00f3n de comentarios u opiniones: Los datos personales publicados en esta Plataforma se convierten en informaci\u00f3n p\u00fablica. En caso de que se publiquen datos de car\u00e1cter personal, se est\u00e1n realizando una cesi\u00f3n de \u00e9stos, que disponen de autorizaci\u00f3n por parte de las personas afectadas.<\/li>\n<li>Adecuado, uso y respeto:<\/li>\n<\/ol>\n<ul>\n<li style=\"text-align: justify;\">Esta Plataforma tiene car\u00e1cter participativo y consultivo sobre las materias que la Plataforma promueva. La participaci\u00f3n, por tanto, ser\u00e1 libre, no onstante su objetivo es que los comentarios y observaciones vertidos en el mismo tengan relaci\u00f3n con la tem\u00e1tica a tratar.<\/li>\n<li style=\"text-align: justify;\">Ser miembro de esta Plataforma implica la aceptaci\u00f3n total de uso recogidas en este documento.<\/li>\n<li style=\"text-align: justify;\">No se perseguir\u00e1, hostigar\u00e1 o se acechar\u00e1 a terceros ni se almacenar\u00e1 informaci\u00f3n personal sobre otros usuarios.<\/li>\n<li style=\"text-align: justify;\">No se fingir\u00e1 ser otra persona.<\/li>\n<li style=\"text-align: justify;\">No se pondr\u00e1 de manifiesto contenidos violentos, difamatorios, obscenos, inaceptables o, en general, contrarios a la ley, a la moral o al orden p\u00fablico.<\/li>\n<li style=\"text-align: justify;\">No se inducir\u00e1n o promover\u00e1n actuaciones delictivas, discriminatorias, contrarias a la ley o al orden p\u00fablico.<\/li>\n<li style=\"text-align: justify;\">No se violentar\u00e1n secretos empresariales o de tercero, derechos fundamentales ni lebertados p\u00fablicas.<\/li>\n<li style=\"text-align: justify;\">No se obstruir\u00e1 el correcto funcionamiento del foro, alterando el clima de respeto y armon\u00eda entre los usuarios.<\/li>\n<li style=\"text-align: justify;\">No se incorporar\u00e1n de forma masiva y descontrolada mensajes que no se ajusten a las normas de cada foro.<\/li>\n<li style=\"text-align: justify;\">La Plataforma se reserva el derecho de eliminar aquellos mensajes que contengan expresiones ofensivas para la dignidad humana, xen\u00f3fobos, o de apolog\u00eda o de incitaci\u00f3n a la violencia de actividades ilegales que atenten contra los principios de convivencia democr\u00e1tica, as\u00ed como aquellos mensajes cuyo contenido sea ajeno a la materia de esta Plataforma. As\u00ed mismo este hecho podr\u00e1 constituir motivaci\u00f3n suficiente para dar de baja del aforo a los usuarios que as\u00ed lo motiven.<\/li>\n<li style=\"text-align: justify;\">La Plataforma se reserva la facultad de cancelar o suspender los comentarios que puedan resultar injuriosos, malsonantes, molestos, inoportunos.<\/li>\n<li style=\"text-align: justify;\">No se permitir\u00e1 la utilizaci\u00f3n de emoticonos, saludos, felicitaciones, etc.<\/li>\n<\/ul>\n<ol style=\"text-align: justify;\" start=\"3\">\n<li>Responsabilidad de la Plataforma:<\/li>\n<\/ol>\n<ul>\n<li style=\"text-align: justify;\">La persona usuaria se hace responsable de cualquier uso que haga del material, comentarios o, en general, contenidos que obtengan a trav\u00e9s de esta Plataforma.<\/li>\n<li style=\"text-align: justify;\">La Plataforma no asumir\u00e1 responsabilidad alguna, por cualquier material o contenido que estuviera expresado o puesto a disposici\u00f3n de terceros en dicha Plataforma, por lo tanto, el usuario ser\u00e1 el responsable de las infracciones en que puedan incurrir o los perjuicios que se puedan causar a terceros por la indebida e ileg\u00edtima utilizaci\u00f3n de esta Plataforma.<\/li>\n<li style=\"text-align: justify;\">La Plataforma NO garantiza la veracidad, ni se responsabiliza de las consecuencias que pudieran derivarse de los errores en los contenidos proporcionados por terceres que pudieran aparecer en esta Plataforma.<\/li>\n<li style=\"text-align: justify;\">La Plataforma tampoco se responsabiliza de los contenidos, productos o servicios que puedan visualizarse mediante enlaces electr\u00f3nicos, directa o indirectamente a trav\u00e9s de ella.<\/li>\n<\/ul>\n<p>&nbsp;<\/p>\n<p style=\"text-align: justify;\">\n","protected":false},"excerpt":{"rendered":"<p>PLATAFORMA CIUDADANA PASAR\u00d3N MERECE. Naturaleza. La Plataforma ciudadana Pasar\u00f3n merece se concibe como un espacio colectivo en el cual los ciudadanos pueden expresar, manifestar, debatir las reivindicaciones, exigencias, solicitudes y necesidades de Pasar\u00f3n de la Vera para que les sean atendidas por parte de los poderes p\u00fablicos y otros colectivos. Caracter\u00edsticas. Car\u00e1cter representativo: es decir, [&hellip;]<\/p>\n","protected":false},"author":3,"featured_media":0,"parent":0,"menu_order":0,"comment_status":"closed","ping_status":"closed","template":"","meta":{"_bbp_topic_count":0,"_bbp_reply_count":0,"_bbp_total_topic_count":0,"_bbp_total_reply_count":0,"_bbp_voice_count":0,"_bbp_anonymous_reply_count":0,"_bbp_topic_count_hidden":0,"_bbp_reply_count_hidden":0,"_bbp_forum_subforum_count":0,"footnotes":""},"class_list":["post-37","page","type-page","status-publish","hentry"],"_links":{"self":[{"href":"http:\/\/pasarondelavera.org\/pasaronmerece\/index.php\/wp-json\/wp\/v2\/pages\/37","targetHints":{"allow":["GET"]}}],"collection":[{"href":"http:\/\/pasarondelavera.org\/pasaronmerece\/index.php\/wp-json\/wp\/v2\/pages"}],"about":[{"href":"http:\/\/pasarondelavera.org\/pasaronmerece\/index.php\/wp-json\/wp\/v2\/types\/page"}],"author":[{"embeddable":true,"href":"http:\/\/pasarondelavera.org\/pasaronmerece\/index.php\/wp-json\/wp\/v2\/users\/3"}],"replies":[{"embeddable":true,"href":"http:\/\/pasarondelavera.org\/pasaronmerece\/index.php\/wp-json\/wp\/v2\/comments?post=37"}],"version-history":[{"count":0,"href":"http:\/\/pasarondelavera.org\/pasaronmerece\/index.php\/wp-json\/wp\/v2\/pages\/37\/revisions"}],"wp:attachment":[{"href":"http:\/\/pasarondelavera.org\/pasaronmerece\/index.php\/wp-json\/wp\/v2\/media?parent=37"}],"curies":[{"name":"wp","href":"https:\/\/api.w.org\/{rel}","templated":true}]}}

<p style="text-align: center;"><strong>PLATAFORMA CIUDADANA PASARÓN MERECE.</strong></p>
<p><strong><u>Naturaleza.</u></strong></p>
<p style="text-align: justify;">La Plataforma ciudadana <strong>Pasarón merece</strong> se concibe como un espacio colectivo en el cual los ciudadanos pueden expresar, manifestar, debatir las reivindicaciones, exigencias, solicitudes y necesidades de Pasarón de la Vera para que les sean atendidas por parte de los poderes públicos y otros colectivos.</p>
<p><strong><u>Características.</u></strong></p>
<ul>
<li style="text-align: justify;">Carácter representativo: es decir, la dirección y el contenido de las reivindicaciones, solicitudes  o exigencias a plantear deben estar formuladas por un conjunto de personas que expresen las voces de diferentes sectores.</li>
<li style="text-align: justify;">Que sea exigible: o sea, que lo que se está planteando en la Plataforma pueda exigírsele a quien se le dirijan los planteamientos por ser algo a lo que el colectivo que conforma la misma concibe como un derecho colectivo.</li>
<li style="text-align: justify;">Ser un esfuerzo transparente: que no oculte intenciones que favorezcan los intereses particulares o sea solo una iniciativa simulada para que el grupo que lo propone pueda alcanzar otros fines. Deben ser iniciativas que nazcan desde la ciudadanía para Pasarón de la Vera, sin consideraciones políticas ni de otra índole.</li>
<li style="text-align: justify;">Pluralista: es decir, que aunque haya diferencias de opiniones se aceptan o reconocen la diversidad de opiniones y posiciones en los planteamientos formulados.</li>
<li style="text-align: justify;">Incluyente: no es un espoacio cerrado a determinadas personas sino abierto a toda la ciudadanía independientemente del lugar de residencia.</li>
<li style="text-align: justify;">Para beneficiar el interés colectivo: ser una iniciativa transparente y de legítimo interés ciudadano para Pasarón de la Vera.</li>
<li style="text-align: justify;">Ser un esfuerzo responsable: lo que significa participar conscientes que la presencia en el esfuerzo contribuye significativamente al logro del objetivo final de la iniciativa.</li>
</ul>
<p><img loading="lazy" decoding="async" class="aligncenter wp-image-98 size-full" src="http://pasarondelavera.org/pasaronmerece/wp-content/uploads/2016/11/MG_5787_2.jpg" alt="_mg_5787_2" width="680" height="453" srcset="http://pasarondelavera.org/pasaronmerece/wp-content/uploads/2016/11/MG_5787_2.jpg 680w, http://pasarondelavera.org/pasaronmerece/wp-content/uploads/2016/11/MG_5787_2-300x200.jpg 300w" sizes="auto, (max-width: 680px) 100vw, 680px" /></p>
<p><strong><u>Constitución.</u></strong></p>
<ol>
<li style="text-align: justify;">Lograr conseso ciudadano: Esto significa que se deben identificar quienes quieren participar en la iniciativa.</li>
<li style="text-align: justify;">Organización del equipo de trabajo de la Plataforma: De todos los participantes, pueden comenzar a hacerse grupos de trabajo para distribuirse la responsabilidad de ciertas tareas. Esta organización debe apuntar a facilitar el desarrollo del trabajo y no a entorpecerlo. Organizar al equipo también supone que cada uno de los participantes conoce cuáles son sus responsabilidades y cómo contribuirá al trabajo.</li>
<li style="text-align: justify;">Planteamiento de un plan de trabajo: Para tener claridad de cada una de las actividades que se deben realizar, en qué tiempo y con qué recursos se dispone es importante que todos los participantes de la iniciativa conozcan el plan de trabajo a seguir.</li>
<li style="text-align: justify;">Divulgación de la plataforma: Es de mucha utilidad darla a conocer con todos los miembros de la comunidad que sea posible y estar dispuestos a informarles de cómo participar.</li>
<li style="text-align: justify;">Elaboración del documento de la plataforma ciudadana: Este documento, que es en sí la Plataforma Ciudadana, es el documento que se entregará a quien proceda respaldado por todas aquellas firmas que integren la plataforma.</li>
</ol>
<p><strong><u>Condiciones de uso.</u></strong></p>
<ol>
<li style="text-align: justify;">Publicación de comentarios u opiniones: Los datos personales publicados en esta Plataforma se convierten en información pública. En caso de que se publiquen datos de carácter personal, se están realizando una cesión de éstos, que disponen de autorización por parte de las personas afectadas.</li>
<li>Adecuado, uso y respeto:</li>
</ol>
<ul>
<li style="text-align: justify;">Esta Plataforma tiene carácter participativo y consultivo sobre las materias que la Plataforma promueva. La participación, por tanto, será libre, no onstante su objetivo es que los comentarios y observaciones vertidos en el mismo tengan relación con la temática a tratar.</li>
<li style="text-align: justify;">Ser miembro de esta Plataforma implica la aceptación total de uso recogidas en este documento.</li>
<li style="text-align: justify;">No se perseguirá, hostigará o se acechará a terceros ni se almacenará información personal sobre otros usuarios.</li>
<li style="text-align: justify;">No se fingirá ser otra persona.</li>
<li style="text-align: justify;">No se pondrá de manifiesto contenidos violentos, difamatorios, obscenos, inaceptables o, en general, contrarios a la ley, a la moral o al orden público.</li>
<li style="text-align: justify;">No se inducirán o promoverán actuaciones delictivas, discriminatorias, contrarias a la ley o al orden público.</li>
<li style="text-align: justify;">No se violentarán secretos empresariales o de tercero, derechos fundamentales ni lebertados públicas.</li>
<li style="text-align: justify;">No se obstruirá el correcto funcionamiento del foro, alterando el clima de respeto y armonía entre los usuarios.</li>
<li style="text-align: justify;">No se incorporarán de forma masiva y descontrolada mensajes que no se ajusten a las normas de cada foro.</li>
<li style="text-align: justify;">La Plataforma se reserva el derecho de eliminar aquellos mensajes que contengan expresiones ofensivas para la dignidad humana, xenófobos, o de apología o de incitación a la violencia de actividades ilegales que atenten contra los principios de convivencia democrática, así como aquellos mensajes cuyo contenido sea ajeno a la materia de esta Plataforma. Así mismo este hecho podrá constituir motivación suficiente para dar de baja del aforo a los usuarios que así lo motiven.</li>
<li style="text-align: justify;">La Plataforma se reserva la facultad de cancelar o suspender los comentarios que puedan resultar injuriosos, malsonantes, molestos, inoportunos.</li>
<li style="text-align: justify;">No se permitirá la utilización de emoticonos, saludos, felicitaciones, etc.</li>
</ul>
<ol style="text-align: justify;" start="3">
<li>Responsabilidad de la Plataforma:</li>
</ol>
<ul>
<li style="text-align: justify;">La persona usuaria se hace responsable de cualquier uso que haga del material, comentarios o, en general, contenidos que obtengan a través de esta Plataforma.</li>
<li style="text-align: justify;">La Plataforma no asumirá responsabilidad alguna, por cualquier material o contenido que estuviera expresado o puesto a disposición de terceros en dicha Plataforma, por lo tanto, el usuario será el responsable de las infracciones en que puedan incurrir o los perjuicios que se puedan causar a terceros por la indebida e ilegítima utilización de esta Plataforma.</li>
<li style="text-align: justify;">La Plataforma NO garantiza la veracidad, ni se responsabiliza de las consecuencias que pudieran derivarse de los errores en los contenidos proporcionados por terceres que pudieran aparecer en esta Plataforma.</li>
<li style="text-align: justify;">La Plataforma tampoco se responsabiliza de los contenidos, productos o servicios que puedan visualizarse mediante enlaces electrónicos, directa o indirectamente a través de ella.</li>
</ul>
<p>&nbsp;</p>
<p style="text-align: justify;">

<p>PLATAFORMA CIUDADANA PASARÓN MERECE. Naturaleza. La Plataforma ciudadana Pasarón merece se concibe como un espacio colectivo en el cual los ciudadanos pueden expresar, manifestar, debatir las reivindicaciones, exigencias, solicitudes y necesidades de Pasarón de la Vera para que les sean atendidas por parte de los poderes públicos y otros colectivos. Características. Carácter representativo: es decir, [&hellip;]</p>
